{"id":5,"date":"2024-01-04T21:27:23","date_gmt":"2024-01-04T21:27:23","guid":{"rendered":"https:\/\/svd81.com\/?page_id=5"},"modified":"2024-02-27T17:42:01","modified_gmt":"2024-02-27T17:42:01","slug":"svd-accueil","status":"publish","type":"page","link":"https:\/\/svd81.com\/","title":{"rendered":"Accueil"},"content":{"rendered":"\n<div class=\"wp-block-cover alignfull is-light has-parallax\" style=\"padding-top:var(--wp--preset--spacing--50);padding-right:var(--wp--preset--spacing--50);padding-bottom:var(--wp--preset--spacing--50);padding-left:var(--wp--preset--spacing--50);min-height:365px;aspect-ratio:unset;\"><span aria-hidden=\"true\" class=\"wp-block-cover__background has-base-background-color has-background-dim-0 has-background-dim\"><\/span><div role=\"img\" class=\"wp-block-cover__image-background has-parallax\" style=\"background-position:50% 50%;background-image:url(blob:https:\/\/svd81.com\/1b6038e1-63c5-4d09-a27c-77be572d2ca7)\"><\/div><div class=\"wp-block-cover__inner-container is-layout-constrained wp-container-core-cover-is-layout-26290c42 wp-block-cover-is-layout-constrained\"><div class=\"wp-block-image\">\n<figure class=\"aligncenter size-large\"><img loading=\"lazy\" decoding=\"async\" width=\"1024\" height=\"559\" src=\"https:\/\/svd81.com\/wp-content\/uploads\/2024\/01\/Logo-blc--1024x559.png\" alt=\"\" class=\"wp-image-75\" srcset=\"https:\/\/svd81.com\/wp-content\/uploads\/2024\/01\/Logo-blc--1024x559.png 1024w, https:\/\/svd81.com\/wp-content\/uploads\/2024\/01\/Logo-blc--300x164.png 300w, https:\/\/svd81.com\/wp-content\/uploads\/2024\/01\/Logo-blc--768x419.png 768w, https:\/\/svd81.com\/wp-content\/uploads\/2024\/01\/Logo-blc--1536x838.png 1536w, https:\/\/svd81.com\/wp-content\/uploads\/2024\/01\/Logo-blc-.png 1840w\" sizes=\"auto, (max-width: 1024px) 100vw, 1024px\" \/><\/figure>\n<\/div>\n\n\n<h1 class=\"wp-block-heading has-text-align-center o-typing-delay-500ms has-large-font-size\"><strong><mark style=\"background-color:rgba(0, 0, 0, 0);color:#fbfbfb\" class=\"has-inline-color\">Bienvenue sur Spina Visibilit\u00e9 Digitale<\/mark><\/strong><\/h1>\n<\/div><\/div>\n\n\n\n<p class=\"has-text-align-center\"><\/p>\n\n\n\n<div class=\"wp-block-group\"><div class=\"wp-block-group__inner-container is-layout-constrained wp-block-group-is-layout-constrained\">\n<div class=\"wp-block-columns is-layout-flex wp-container-core-columns-is-layout-9d6595d7 wp-block-columns-is-layout-flex\">\n<div class=\"wp-block-column is-vertically-aligned-stretch is-layout-flow wp-block-column-is-layout-flow\" style=\"flex-basis:100%\">\n<div class=\"wp-block-columns is-layout-flex wp-container-core-columns-is-layout-9d6595d7 wp-block-columns-is-layout-flex\">\n<div class=\"wp-block-column is-layout-flow wp-block-column-is-layout-flow\" style=\"flex-basis:100%\"><div class=\"wp-block-image\">\n<figure class=\"aligncenter size-full is-resized\"><img loading=\"lazy\" decoding=\"async\" width=\"1840\" height=\"1004\" src=\"https:\/\/svd81.com\/wp-content\/uploads\/2024\/01\/Logo-.png\" alt=\"\" class=\"wp-image-8\" style=\"width:506px;height:auto\" srcset=\"https:\/\/svd81.com\/wp-content\/uploads\/2024\/01\/Logo-.png 1840w, https:\/\/svd81.com\/wp-content\/uploads\/2024\/01\/Logo--300x164.png 300w, https:\/\/svd81.com\/wp-content\/uploads\/2024\/01\/Logo--1024x559.png 1024w, https:\/\/svd81.com\/wp-content\/uploads\/2024\/01\/Logo--768x419.png 768w, https:\/\/svd81.com\/wp-content\/uploads\/2024\/01\/Logo--1536x838.png 1536w\" sizes=\"auto, (max-width: 1840px) 100vw, 1840px\" \/><\/figure>\n<\/div>\n\n\n<h2 class=\"wp-block-heading has-text-align-center\"><mark style=\"background-color:rgba(0, 0, 0, 0)\" class=\"has-inline-color has-nv-site-bg-color\"><strong>Qui Sommes nous <\/strong>?<\/mark><\/h2>\n\n\n\n<p class=\"has-text-align-center\"><strong><mark style=\"background-color:rgba(0, 0, 0, 0)\" class=\"has-inline-color has-nv-site-bg-color\">Notre agence, Spina Visibilit\u00e9 Digitale, offre un service complet de gestion de r\u00e9seaux sociaux pour les entreprises. Nous sommes sp\u00e9cialis\u00e9s dans l\u2019utilisation de Facebook et Instagram pour atteindre votre public cible et augmenter votre visibilit\u00e9 en ligne<\/mark><\/strong><\/p>\n\n\n\n<div id=\"wp-block-themeisle-blocks-button-group-2f74704e\" class=\"wp-block-themeisle-blocks-button-group wp-block-buttons align-center-desktop\">\n<div id=\"wp-block-themeisle-blocks-button-555b3c44\" class=\"wp-block-themeisle-blocks-button wp-block-button\"><a href=\"https:\/\/svd81.com\/index.php\/gestionnaire-de-reseaux-sociaux-community-manager\/\" target=\"_blank\" rel=\"noopener noreferrer\" class=\"wp-block-button__link\"><span>En savoir plus<\/span><\/a><\/div>\n<\/div>\n<\/div>\n<\/div>\n<\/div>\n<\/div>\n<\/div><\/div>\n\n\n\n\n\n<div id=\"wp-block-themeisle-blocks-advanced-columns-3bc155e3\" class=\"wp-block-themeisle-blocks-advanced-columns has-2-columns has-desktop-twoOneOne-layout has-tablet-equal-layout has-mobile-collapsedRows-layout has-vertical-unset\"><div class=\"wp-block-themeisle-blocks-advanced-columns-overlay\"><\/div><div class=\"innerblocks-wrap\">\n<div id=\"wp-block-themeisle-blocks-advanced-column-ef43e640\" class=\"wp-block-themeisle-blocks-advanced-column\">\n<div class=\"wp-block-columns is-layout-flex wp-container-core-columns-is-layout-9d6595d7 wp-block-columns-is-layout-flex\">\n<div class=\"wp-block-column is-layout-flow wp-block-column-is-layout-flow\">\n<figure class=\"wp-block-image size-full\"><a href=\"https:\/\/svd81.com\/index.php\/gestionnaire-de-reseaux-sociaux-community-manager\/\" target=\"_blank\" rel=\"noreferrer noopener\"><img loading=\"lazy\" decoding=\"async\" width=\"513\" height=\"640\" src=\"https:\/\/svd81.com\/wp-content\/uploads\/2024\/01\/415604781_122115638132151150_4258278954074718194_n.jpg\" alt=\"\" class=\"wp-image-478\" srcset=\"https:\/\/svd81.com\/wp-content\/uploads\/2024\/01\/415604781_122115638132151150_4258278954074718194_n.jpg 513w, https:\/\/svd81.com\/wp-content\/uploads\/2024\/01\/415604781_122115638132151150_4258278954074718194_n-240x300.jpg 240w\" sizes=\"auto, (max-width: 513px) 100vw, 513px\" \/><\/a><\/figure>\n<\/div>\n<\/div>\n\n\n\n<div id=\"wp-block-themeisle-blocks-flip-f4924399\" class=\"wp-block-themeisle-blocks-flip anim flipY\"><div class=\"o-flip-inner\"><div class=\"o-flip-front\"><div class=\"o-flip-content\"><img decoding=\"async\" class=\"o-img\" src=\"https:\/\/svd81.com\/wp-content\/uploads\/2024\/01\/Nos-tarifs-1-e1706567432994.png\" srcset=\"https:\/\/svd81.com\/wp-content\/uploads\/2024\/01\/Nos-tarifs-1-e1706567432994.png\" alt=\"\"\/><h3><\/h3><p><\/p><\/div><\/div><div class=\"o-flip-back\">\n<h3 class=\"wp-block-heading\"><\/h3>\n\n\n\n<p><strong><mark style=\"background-color:rgba(0, 0, 0, 0);color:#ffffff\" class=\"has-inline-color\">Notre \u00e9ventail tarifaire sait allier attractivit\u00e9 et adaptabilit\u00e9. Nous comprenons que chaque client est unique, c&#8217;est pourquoi Chez nous, la flexibilit\u00e9 est ma\u00eetresse, car nous comprenons que chaque client a des besoins uniques. Ainsi, notre \u00e9quipe d\u00e9vou\u00e9e est pr\u00eate \u00e0 personnaliser nos offres pour vous offrir une solution parfaitement adapt\u00e9e \u00e0 votre entreprise<\/mark><\/strong><\/p>\n\n\n\n<div class=\"wp-block-buttons is-content-justification-center is-layout-flex wp-container-core-buttons-is-layout-16018d1d wp-block-buttons-is-layout-flex\">\n<div class=\"wp-block-button is-style-fill\"><a class=\"wp-block-button__link wp-element-button\" href=\"https:\/\/svd81.com\/index.php\/tarifs\/\">En savoir plus<\/a><\/div>\n<\/div>\n<\/div><\/div><\/div>\n<\/div>\n\n\n\n<div id=\"wp-block-themeisle-blocks-advanced-column-aed95d0f\" class=\"wp-block-themeisle-blocks-advanced-column\"><div class=\"cff-wrapper\">\t<h3 class=\"cff-header  cff-outside\"  style=\"font-size:28px;\" >\n\t\t<span class=\"fa fab fa-facebook-square\"  style=\"font-size:28px;\"  aria-hidden=\"true\"><\/span>\n\t\t<span class=\"header-text\">Facebook<\/span>\n\t<\/h3>\n\t<div class=\"cff-wrapper-ctn \" ><div id=\"cff\"  class=\"cff cff-list-container  cff-default-styles  cff-mob-cols-1 cff-tab-cols-1 cff-dark \"   style=\"width:100%;\"   data-char=\"400\" >\n<section class=\"cff-likebox cff-top\" >\n\t\t<iframe title=\"Likebox Iframe\" src=\"\" class=\"fb_iframe_widget\" data-likebox-id=\"169693789568974\" data-likebox-width=\"300\" data-likebox-header=\"\" data-hide-cover=\"\" data-hide-cta=\"\" data-likebox-faces=\"1\" data-height=\"214\" data-locale=\"fr_FR\" scrolling=\"no\" allowTransparency=\"true\" allow=\"encrypted-media\" ><\/iframe>\n<\/section>\n<div class=\"cff-posts-wrap cff-posts-wrap-box-shadow\"><div id=\"cff_169693789568974_122125203458151150\" class=\"cff-item cff-photo-post cff-box cff-shadow author-spina-visibilit-digitale\"  style=\"border-radius:5px;\" >\n\t<div class=\"cff-author\">\n\t<div class=\"cff-author-text\">\n\t\t\t\t\t<div class=\"cff-page-name cff-author-date\" >\n\t\t\t\t<a href=\"https:\/\/facebook.com\/169693789568974\" target=\"_blank\" rel=\"nofollow noopener\" >Spina Visibilit\u00e9 Digitale<\/a>\n\t\t\t\t<span class=\"cff-story\"> <\/span>\n\t\t\t<\/div>\n\t\t\t\n<p class=\"cff-date\" > 2 years ago <\/p>\n\t\t\t<\/div>\n\t<div class=\"cff-author-img \" data-avatar=\"https:\/\/scontent-cdg4-1.xx.fbcdn.net\/v\/t39.30808-1\/411168885_122102059640151150_5980938078603308019_n.jpg?stp=cp0_dst-jpg_s50x50_tt6&#038;_nc_cat=104&#038;ccb=1-7&#038;_nc_sid=f907e8&#038;_nc_ohc=OVv6ky8P5S4Q7kNvwHf-mF7&#038;_nc_oc=AdraRH2dwHRS-YcLll7HMhSzb0rYrvI9shJtG5imT-_pBtIlmZDP7ic0an6uFTPcdDIcprf8QY5d9LAJYxDOyUXN&#038;_nc_zt=24&#038;_nc_ht=scontent-cdg4-1.xx&#038;edm=AKIiGfEEAAAA&#038;_nc_gid=picEbcNm6ZD3O1pEEKbOUA&#038;_nc_tpa=Q5bMBQGO_ccBJWk2fqWrfCZsfHwiVuEO1FNofjFcec_v-6QGHt6sSeWs_ccV_oEdLHzojqCttqH1iUUO0w&#038;oh=00_Af34o6YsB2r6OVft66FNDrS4x6bNqMUze2JzmhFfk_id0g&#038;oe=69E3848F\">\n\t\t<a href=\"https:\/\/facebook.com\/169693789568974\" target=\"_blank\" rel=\"nofollow noopener\" ><img decoding=\"async\" src=\"https:\/\/scontent-cdg4-1.xx.fbcdn.net\/v\/t39.30808-1\/411168885_122102059640151150_5980938078603308019_n.jpg?stp=cp0_dst-jpg_s50x50_tt6&#038;_nc_cat=104&#038;ccb=1-7&#038;_nc_sid=f907e8&#038;_nc_ohc=OVv6ky8P5S4Q7kNvwHf-mF7&#038;_nc_oc=AdraRH2dwHRS-YcLll7HMhSzb0rYrvI9shJtG5imT-_pBtIlmZDP7ic0an6uFTPcdDIcprf8QY5d9LAJYxDOyUXN&#038;_nc_zt=24&#038;_nc_ht=scontent-cdg4-1.xx&#038;edm=AKIiGfEEAAAA&#038;_nc_gid=picEbcNm6ZD3O1pEEKbOUA&#038;_nc_tpa=Q5bMBQGO_ccBJWk2fqWrfCZsfHwiVuEO1FNofjFcec_v-6QGHt6sSeWs_ccV_oEdLHzojqCttqH1iUUO0w&#038;oh=00_Af34o6YsB2r6OVft66FNDrS4x6bNqMUze2JzmhFfk_id0g&#038;oe=69E3848F\" title=\"Spina Visibilit\u00e9 Digitale\" alt=\"Spina Visibilit\u00e9 Digitale\" width=40 height=40 onerror=\"this.style.display='none'\"><\/a>\n\t<\/div>\n<\/div>\n\n<div class=\"cff-post-text\" >\n\t<span class=\"cff-text\" data-color=\"\">\n\t\tLe lieu pour un  rendez-vous c\u2019est aussi votre choix : <img class=\"cff-linebreak\" \/>- dans vos locaux ? <img class=\"cff-linebreak\" \/>- dans un bar ? <img class=\"cff-linebreak\" \/><img class=\"cff-linebreak\" \/>Nous nous adaptons \u00e0 vos demandes\t\t\t<\/span>\n\t<span class=\"cff-expand\">... <a href=\"#\" style=\"color: #\"><span class=\"cff-more\">See More<\/span><span class=\"cff-less\">See Less<\/span><\/a><\/span>\n\n<\/div>\n\n<p class=\"cff-media-link\">\n\t<a href=\"https:\/\/www.facebook.com\/photo.php?fbid=122125203434151150&#038;set=a.122101973996151150&#038;type=3\" target=\"_blank\" style=\"color: #\">\n\t\t<span style=\"padding-right: 5px;\" class=\"fa fas fa-picture-o fa-image\"><\/span>Photo\t<\/a>\n<\/p>\n\t\t<div class=\"cff-post-links\">\n\t\t\t\t\t<a class=\"cff-viewpost-facebook\" href=\"https:\/\/www.facebook.com\/photo.php?fbid=122125203434151150&#038;set=a.122101973996151150&#038;type=3\" title=\"Voir sur Facebook\" target=\"_blank\" rel=\"nofollow noopener\" >Voir sur Facebook<\/a>\n\t\t\t\t\t\t\t<div class=\"cff-share-container\">\n\t\t\t\t\t\t\t\t\t<span class=\"cff-dot\" >&middot;<\/span>\n\t\t\t\t\t\t\t\t<a class=\"cff-share-link\" href=\"https:\/\/www.facebook.com\/sharer\/sharer.php?u=https%3A%2F%2Fwww.facebook.com%2Fphoto.php%3Ffbid%3D122125203434151150%26amp%3Bset%3Da.122101973996151150%26amp%3Btype%3D3\" title=\"Partager\" >Partager<\/a>\n\t\t\t\t<p class=\"cff-share-tooltip\">\n\t\t\t\t\t\t\t\t\t\t\t<a href=\"https:\/\/www.facebook.com\/sharer\/sharer.php?u=https%3A%2F%2Fwww.facebook.com%2Fphoto.php%3Ffbid%3D122125203434151150%26amp%3Bset%3Da.122101973996151150%26amp%3Btype%3D3\" target=\"_blank\" rel=\"noopener noreferrer\" class=\"cff-facebook-icon\">\n\t\t\t\t\t\t\t<span class=\"fa fab fa-facebook-square\" aria-hidden=\"true\"><\/span>\n\t\t\t\t\t\t\t<span class=\"cff-screenreader\">Partager sur Facebook<\/span>\n\t\t\t\t\t\t<\/a>\n\t\t\t\t\t\t\t\t\t\t\t<a href=\"https:\/\/twitter.com\/intent\/tweet?text=https%3A%2F%2Fwww.facebook.com%2Fphoto.php%3Ffbid%3D122125203434151150%26amp%3Bset%3Da.122101973996151150%26amp%3Btype%3D3\" target=\"_blank\" rel=\"noopener noreferrer\" class=\"cff-twitter-icon\">\n\t\t\t\t\t\t\t<span class=\"fa fab fa-twitter\" aria-hidden=\"true\"><\/span>\n\t\t\t\t\t\t\t<span class=\"cff-screenreader\">Partager sur Twitter<\/span>\n\t\t\t\t\t\t<\/a>\n\t\t\t\t\t\t\t\t\t\t\t<a href=\"https:\/\/www.linkedin.com\/shareArticle?mini=true&#038;url=https%3A%2F%2Fwww.facebook.com%2Fphoto.php%3Ffbid%3D122125203434151150%26amp%3Bset%3Da.122101973996151150%26amp%3Btype%3D3&#038;title=%09%09%09Le%20lieu%20pour%20un%20%20rendez-vous%20c%E2%80%99est%20aussi%20votre%20choix%20%3A%20-%20dans%20vos%20locaux%20%3F%20-%20dans%20un%20bar%20%3F%20Nous%20nous%20adaptons%20%C3%A0%20vos%20demandes%09%09%09%09\" target=\"_blank\" rel=\"noopener noreferrer\" class=\"cff-linkedin-icon\">\n\t\t\t\t\t\t\t<span class=\"fa fab fa-linkedin\" aria-hidden=\"true\"><\/span>\n\t\t\t\t\t\t\t<span class=\"cff-screenreader\">Partager sur LinkedIn<\/span>\n\t\t\t\t\t\t<\/a>\n\t\t\t\t\t\t\t\t\t\t\t<a href=\"mailto:?subject=Facebook&#038;body=https%3A%2F%2Fwww.facebook.com%2Fphoto.php%3Ffbid%3D122125203434151150%26amp%3Bset%3Da.122101973996151150%26amp%3Btype%3D3%20-%20%0A%0A%09%0A%09%09Le%20lieu%20pour%20un%20%20rendez-vous%20c%E2%80%99est%20aussi%20votre%20choix%20%3A%20-%20dans%20vos%20locaux%20%3F%20-%20dans%20un%20bar%20%3F%20Nous%20nous%20adaptons%20%C3%A0%20vos%20demandes%09%09%09%0A%09\" target=\"_blank\" rel=\"noopener noreferrer\" class=\"cff-email-icon\">\n\t\t\t\t\t\t\t<span class=\"fa fab fa-envelope\" aria-hidden=\"true\"><\/span>\n\t\t\t\t\t\t\t<span class=\"cff-screenreader\">Partager par email<\/span>\n\t\t\t\t\t\t<\/a>\n\t\t\t\t\t\t\t\t\t<\/p>\n\t\t\t<\/div>\n\t\t\t<\/div>\n\t<\/div>\n\n\n\n<div id=\"cff_169693789568974_122124015734151150\" class=\"cff-item cff-link-item cff-box cff-shadow author-spina-visibilit-digitale\"  style=\"border-radius:5px;\" >\n\t<div class=\"cff-author\">\n\t<div class=\"cff-author-text\">\n\t\t\t\t\t<div class=\"cff-page-name cff-author-date\" >\n\t\t\t\t<a href=\"https:\/\/facebook.com\/169693789568974\" target=\"_blank\" rel=\"nofollow noopener\" >Spina Visibilit\u00e9 Digitale<\/a>\n\t\t\t\t<span class=\"cff-story\"> <\/span>\n\t\t\t<\/div>\n\t\t\t\n<p class=\"cff-date\" > 2 years ago <\/p>\n\t\t\t<\/div>\n\t<div class=\"cff-author-img \" data-avatar=\"https:\/\/scontent-cdg4-1.xx.fbcdn.net\/v\/t39.30808-1\/411168885_122102059640151150_5980938078603308019_n.jpg?stp=cp0_dst-jpg_s50x50_tt6&#038;_nc_cat=104&#038;ccb=1-7&#038;_nc_sid=f907e8&#038;_nc_ohc=OVv6ky8P5S4Q7kNvwHf-mF7&#038;_nc_oc=AdraRH2dwHRS-YcLll7HMhSzb0rYrvI9shJtG5imT-_pBtIlmZDP7ic0an6uFTPcdDIcprf8QY5d9LAJYxDOyUXN&#038;_nc_zt=24&#038;_nc_ht=scontent-cdg4-1.xx&#038;edm=AKIiGfEEAAAA&#038;_nc_gid=picEbcNm6ZD3O1pEEKbOUA&#038;_nc_tpa=Q5bMBQGO_ccBJWk2fqWrfCZsfHwiVuEO1FNofjFcec_v-6QGHt6sSeWs_ccV_oEdLHzojqCttqH1iUUO0w&#038;oh=00_Af34o6YsB2r6OVft66FNDrS4x6bNqMUze2JzmhFfk_id0g&#038;oe=69E3848F\">\n\t\t<a href=\"https:\/\/facebook.com\/169693789568974\" target=\"_blank\" rel=\"nofollow noopener\" ><img decoding=\"async\" src=\"https:\/\/scontent-cdg4-1.xx.fbcdn.net\/v\/t39.30808-1\/411168885_122102059640151150_5980938078603308019_n.jpg?stp=cp0_dst-jpg_s50x50_tt6&#038;_nc_cat=104&#038;ccb=1-7&#038;_nc_sid=f907e8&#038;_nc_ohc=OVv6ky8P5S4Q7kNvwHf-mF7&#038;_nc_oc=AdraRH2dwHRS-YcLll7HMhSzb0rYrvI9shJtG5imT-_pBtIlmZDP7ic0an6uFTPcdDIcprf8QY5d9LAJYxDOyUXN&#038;_nc_zt=24&#038;_nc_ht=scontent-cdg4-1.xx&#038;edm=AKIiGfEEAAAA&#038;_nc_gid=picEbcNm6ZD3O1pEEKbOUA&#038;_nc_tpa=Q5bMBQGO_ccBJWk2fqWrfCZsfHwiVuEO1FNofjFcec_v-6QGHt6sSeWs_ccV_oEdLHzojqCttqH1iUUO0w&#038;oh=00_Af34o6YsB2r6OVft66FNDrS4x6bNqMUze2JzmhFfk_id0g&#038;oe=69E3848F\" title=\"Spina Visibilit\u00e9 Digitale\" alt=\"Spina Visibilit\u00e9 Digitale\" width=40 height=40 onerror=\"this.style.display='none'\"><\/a>\n\t<\/div>\n<\/div>\n\n<div class=\"cff-post-text\" >\n\t<span class=\"cff-text\" data-color=\"\">\n\t\t\u2b50\ufe0fNouveaut\u00e9 !!! <img class=\"cff-linebreak\" \/><img class=\"cff-linebreak\" \/>Notre site internet est en ligne <img class=\"cff-linebreak\" \/>Retrouvez nous juste ici \ud83d\udc47\ud83c\udffb<img class=\"cff-linebreak\" \/><img class=\"cff-linebreak\" \/><a href=\"https:\/\/svd81.com\" rel='nofollow noopener noreferrer'>svd81.com<\/a><img class=\"cff-linebreak\" \/><img class=\"cff-linebreak\" \/>Vous souhaitez en savoir plus sur nous ?<img class=\"cff-linebreak\" \/>Une prise de rendez ? <img class=\"cff-linebreak\" \/>Vous y trouverez toutes les r\u00e9ponses \u00e0 vos questions\t\t\t<\/span>\n\t<span class=\"cff-expand\">... <a href=\"#\" style=\"color: #\"><span class=\"cff-more\">See More<\/span><span class=\"cff-less\">See Less<\/span><\/a><\/span>\n\n<\/div>\n\n\n<div class=\"cff-shared-link \" >\n\t<div class=\"cff-text-link cff-no-image\">\n\t\t\t\t\t<p class=\"cff-link-title\" >\n\t\t\t\t<a href=\"https:\/\/svd81.com\/\" target=\"_blank\"  rel=\"nofollow noopener noreferrer\" style=\"color:#;\">svd<\/a>\n\t\t\t<\/p>\n\t\t\n\t\t\t\t\t<p class=\"cff-link-caption\"  style=\"font-size:12px;\" >svd81.com<\/p>\n\t\t\n\t\t\t\t\t<span class=\"cff-post-desc\" >Notre agence, Spina Visibilit\u00e9 Digitale, offre un service complet de gestion de r\u00e9seaux sociaux pour les entreprises. Nous sommes sp\u00e9cialis\u00e9s dans l\u2019utilisation de Facebook et Instagram pour att...<\/span>\n\t\t\t\t\n\t<\/div>\n<\/div>\n\n\t<div class=\"cff-post-links\">\n\t\t\t\t\t<a class=\"cff-viewpost-facebook\" href=\"https:\/\/www.facebook.com\/169693789568974_122124015734151150\" title=\"Voir sur Facebook\" target=\"_blank\" rel=\"nofollow noopener\" >Voir sur Facebook<\/a>\n\t\t\t\t\t\t\t<div class=\"cff-share-container\">\n\t\t\t\t\t\t\t\t\t<span class=\"cff-dot\" >&middot;<\/span>\n\t\t\t\t\t\t\t\t<a class=\"cff-share-link\" href=\"https:\/\/www.facebook.com\/sharer\/sharer.php?u=https%3A%2F%2Fwww.facebook.com%2F169693789568974_122124015734151150\" title=\"Partager\" >Partager<\/a>\n\t\t\t\t<p class=\"cff-share-tooltip\">\n\t\t\t\t\t\t\t\t\t\t\t<a href=\"https:\/\/www.facebook.com\/sharer\/sharer.php?u=https%3A%2F%2Fwww.facebook.com%2F169693789568974_122124015734151150\" target=\"_blank\" rel=\"noopener noreferrer\" class=\"cff-facebook-icon\">\n\t\t\t\t\t\t\t<span class=\"fa fab fa-facebook-square\" aria-hidden=\"true\"><\/span>\n\t\t\t\t\t\t\t<span class=\"cff-screenreader\">Partager sur Facebook<\/span>\n\t\t\t\t\t\t<\/a>\n\t\t\t\t\t\t\t\t\t\t\t<a href=\"https:\/\/twitter.com\/intent\/tweet?text=https%3A%2F%2Fwww.facebook.com%2F169693789568974_122124015734151150\" target=\"_blank\" rel=\"noopener noreferrer\" class=\"cff-twitter-icon\">\n\t\t\t\t\t\t\t<span class=\"fa fab fa-twitter\" aria-hidden=\"true\"><\/span>\n\t\t\t\t\t\t\t<span class=\"cff-screenreader\">Partager sur Twitter<\/span>\n\t\t\t\t\t\t<\/a>\n\t\t\t\t\t\t\t\t\t\t\t<a href=\"https:\/\/www.linkedin.com\/shareArticle?mini=true&#038;url=https%3A%2F%2Fwww.facebook.com%2F169693789568974_122124015734151150&#038;title=%09%09%09%E2%AD%90%EF%B8%8FNouveaut%C3%A9%20%21%21%21%20Notre%20site%20internet%20est%20en%20ligne%20Retrouvez%20nous%20juste%20ici%20%F0%9F%91%87%F0%9F%8F%BBsvd81.comVous%20souhaitez%20en%20savoir%20plus%20sur%20nous%20%3FUne%20prise%20de%20rendez%20%3F%20Vous%20y%20trouverez%20toutes%20les%20r%C3%A9ponses%20%C3%A0%20vos%20questions%09%09%09%09\" target=\"_blank\" rel=\"noopener noreferrer\" class=\"cff-linkedin-icon\">\n\t\t\t\t\t\t\t<span class=\"fa fab fa-linkedin\" aria-hidden=\"true\"><\/span>\n\t\t\t\t\t\t\t<span class=\"cff-screenreader\">Partager sur LinkedIn<\/span>\n\t\t\t\t\t\t<\/a>\n\t\t\t\t\t\t\t\t\t\t\t<a href=\"mailto:?subject=Facebook&#038;body=https%3A%2F%2Fwww.facebook.com%2F169693789568974_122124015734151150%20-%20%0A%0A%09%0A%09%09%E2%AD%90%EF%B8%8FNouveaut%C3%A9%20%21%21%21%20Notre%20site%20internet%20est%20en%20ligne%20Retrouvez%20nous%20juste%20ici%20%F0%9F%91%87%F0%9F%8F%BBsvd81.comVous%20souhaitez%20en%20savoir%20plus%20sur%20nous%20%3FUne%20prise%20de%20rendez%20%3F%20Vous%20y%20trouverez%20toutes%20les%20r%C3%A9ponses%20%C3%A0%20vos%20questions%09%09%09%0A%09\" target=\"_blank\" rel=\"noopener noreferrer\" class=\"cff-email-icon\">\n\t\t\t\t\t\t\t<span class=\"fa fab fa-envelope\" aria-hidden=\"true\"><\/span>\n\t\t\t\t\t\t\t<span class=\"cff-screenreader\">Partager par email<\/span>\n\t\t\t\t\t\t<\/a>\n\t\t\t\t\t\t\t\t\t<\/p>\n\t\t\t<\/div>\n\t\t\t<\/div>\n\t<\/div>\n\n\n\n<\/div><input class=\"cff-pag-url\" type=\"hidden\" data-locatornonce=\"9aa1abdec1\" data-cff-shortcode=\"{&quot;feed&quot;: &quot;2&quot;}\" data-post-id=\"5\" data-feed-id=\"169693789568974\"><\/div><\/div><div class=\"cff-clear\"><\/div><\/div>\n<\/div>\n<\/div><\/div>\n\n\n\n<div class=\"wp-block-columns is-layout-flex wp-container-core-columns-is-layout-9d6595d7 wp-block-columns-is-layout-flex\">\n<div class=\"wp-block-column is-layout-flow wp-block-column-is-layout-flow\"><\/div>\n<\/div>\n\n\n\n<div class=\"wp-block-columns is-layout-flex wp-container-core-columns-is-layout-9d6595d7 wp-block-columns-is-layout-flex\">\n<div class=\"wp-block-column is-layout-flow wp-block-column-is-layout-flow\">\n<div id=\"wp-block-themeisle-blocks-flip-ad550079\" class=\"wp-block-themeisle-blocks-flip anim flipY\"><div class=\"o-flip-inner\"><div class=\"o-flip-front\"><div class=\"o-flip-content\"><img decoding=\"async\" class=\"o-img\" src=\"https:\/\/svd81.com\/wp-content\/uploads\/2024\/01\/renseignements-e1706712889800.png\" srcset=\"https:\/\/svd81.com\/wp-content\/uploads\/2024\/01\/renseignements-e1706712889800.png\" alt=\"\"\/><h3><mark style=\"background-color:rgba(0, 0, 0, 0)\" class=\"has-inline-color has-neve-link-hover-color-color\"> <\/mark><\/h3><p><\/p><\/div><\/div><div class=\"o-flip-back\">\n<h3 class=\"wp-block-heading\"><\/h3>\n\n\n\n<p><strong><mark style=\"background-color:rgba(0, 0, 0, 0)\" class=\"has-inline-color has-nv-text-dark-bg-color\">Si vous souhaitez plus de renseignement sur nos prestations ou nos tarif contactez nous <br>par t\u00e9l\u00e9phone au : <br>07-86-78-93-22<br>par Email :<br>contact@svd81.com<br>ou simplement en remplissant notre formulaire de contact<\/mark><\/strong><\/p>\n\n\n\n<div class=\"wp-block-buttons is-content-justification-center is-layout-flex wp-container-core-buttons-is-layout-16018d1d wp-block-buttons-is-layout-flex\">\n<div class=\"wp-block-button is-style-fill\"><a class=\"wp-block-button__link wp-element-button\" href=\"https:\/\/svd81.com\/index.php\/contact\/\" target=\"_blank\" rel=\"noreferrer noopener\">Acceder au formulaire<\/a><\/div>\n<\/div>\n<\/div><\/div><\/div>\n<\/div>\n\n\n\n<div class=\"wp-block-column is-layout-flow wp-block-column-is-layout-flow\">\n<div id=\"wp-block-themeisle-blocks-flip-0b345c8d\" class=\"wp-block-themeisle-blocks-flip anim flipY\"><div class=\"o-flip-inner\"><div class=\"o-flip-front\"><div class=\"o-flip-content\"><img decoding=\"async\" class=\"o-img\" src=\"https:\/\/svd81.com\/wp-content\/uploads\/2024\/01\/rdv.png\" srcset=\"https:\/\/svd81.com\/wp-content\/uploads\/2024\/01\/rdv.png\" alt=\"\"\/><h3><\/h3><p><\/p><\/div><\/div><div class=\"o-flip-back\"><iframe src=\"https:\/\/svd81.com\/wp-json\/ssa\/v1\/embed-inner?integration&type&label&types&edit&view&payment_provider&ssa_locale=fr_FR&ssa_is_rtl&sid=bd7d3d7fb2e67f93892882399862260b40ac5617&availability_start_date&availability_end_date&suggest_first_available&suggest_first_available_within_minutes&flow&fallback_flow&time_view&date_view&appointment_types_view&version&accent_color&background&padding&font&booking_url=https%3A%2F%2Fsvd81.com%2F&booking_post_id=5&booking_title=Accueil&_wpnonce=b150d9115a&redirect_post_id&mepr_membership_id#\/\" height=\"400px\" width=\"100%\" name=\"ssa_booking\" loading=\"eager\" frameborder=\"0\" data-skip-lazy=\"1\" class=\"ssa_booking_iframe skip-lazy\" title=\"R\u00e9servez une heure\"><\/iframe>\n<\/div><\/div><\/div>\n<\/div>\n<\/div>\n\n\n\n<div class=\"wp-block-columns is-layout-flex wp-container-core-columns-is-layout-9d6595d7 wp-block-columns-is-layout-flex\">\n<div class=\"wp-block-column is-layout-flow wp-block-column-is-layout-flow\"><\/div>\n<\/div>\n\n\n\n<h2 class=\"wp-block-heading\">Ils ont donn\u00e9 leur avis , pourquoi pas vous ? <\/h2>\n\n\n \n\n\n\n<iframe loading=\"lazy\" src=\"https:\/\/www.facebook.com\/plugins\/post.php?href=https%3A%2F%2Fwww.facebook.com%2Faurore.pautonnier%2Fposts%2Fpfbid0MRZmzigtPwGjedbe2Msa71YJekArYGVTWLhK8nGwSHNMJ71RrWVay3Tnqvu9ccDyl&#038;show_text=true&#038;width=500\" width=\"500\" height=\"208\" style=\"border:none;overflow:hidden\" scrolling=\"no\" frameborder=\"0\" allowfullscreen=\"true\" allow=\"autoplay; clipboard-write; encrypted-media; picture-in-picture; web-share\"><\/iframe>\n","protected":false},"excerpt":{"rendered":"<p>Qui Sommes nous ? Notre agence, Spina Visibilit\u00e9 Digitale, offre un service complet de gestion de r\u00e9seaux sociaux pour les entreprises. Nous sommes sp\u00e9cialis\u00e9s dans l\u2019utilisation de Facebook et Instagram pour atteindre votre public cible et augmenter votre visibilit\u00e9 en ligne Ils ont donn\u00e9 leur avis , pourquoi pas vous ?<\/p>\n","protected":false},"author":1,"featured_media":8,"parent":0,"menu_order":0,"comment_status":"closed","ping_status":"closed","template":"","meta":{"neve_meta_sidebar":"","neve_meta_container":"","neve_meta_enable_content_width":"","neve_meta_content_width":0,"neve_meta_title_alignment":"center","neve_meta_author_avatar":"","neve_post_elements_order":"","neve_meta_disable_header":"","neve_meta_disable_footer":"","neve_meta_disable_title":"on","_themeisle_gutenberg_block_has_review":false,"footnotes":""},"class_list":["post-5","page","type-page","status-publish","has-post-thumbnail","hentry"],"_links":{"self":[{"href":"https:\/\/svd81.com\/index.php\/wp-json\/wp\/v2\/pages\/5","targetHints":{"allow":["GET"]}}],"collection":[{"href":"https:\/\/svd81.com\/index.php\/wp-json\/wp\/v2\/pages"}],"about":[{"href":"https:\/\/svd81.com\/index.php\/wp-json\/wp\/v2\/types\/page"}],"author":[{"embeddable":true,"href":"https:\/\/svd81.com\/index.php\/wp-json\/wp\/v2\/users\/1"}],"replies":[{"embeddable":true,"href":"https:\/\/svd81.com\/index.php\/wp-json\/wp\/v2\/comments?post=5"}],"version-history":[{"count":121,"href":"https:\/\/svd81.com\/index.php\/wp-json\/wp\/v2\/pages\/5\/revisions"}],"predecessor-version":[{"id":676,"href":"https:\/\/svd81.com\/index.php\/wp-json\/wp\/v2\/pages\/5\/revisions\/676"}],"wp:featuredmedia":[{"embeddable":true,"href":"https:\/\/svd81.com\/index.php\/wp-json\/wp\/v2\/media\/8"}],"wp:attachment":[{"href":"https:\/\/svd81.com\/index.php\/wp-json\/wp\/v2\/media?parent=5"}],"curies":[{"name":"wp","href":"https:\/\/api.w.org\/{rel}","templated":true}]}}